mmon factor of 52 and w?
13
Let j = 51 - 64. Let o = j - -32. What is the highest common divisor of 1 and o?
1
Suppose 27*c - 1780 = 2108. Let j be (-52)/(-3) - 4/(-6). Calculate the greatest common factor of c and j.
18
Let j be 6/9 + 4/3. Let o be (j + -2)/1 + 99. Suppose -220 = 148*t - 168*t. What is the greatest common factor of t and o?
11
Let u(y) = 9*y + 10. Let n be u(0). What is the greatest common divisor of n and 54?
2
Let y be 140 + (0 + -3)/((-6)/(-4)). Suppose -96 - y = -9*m. Calculate the greatest common divisor of m and 13.
13
Suppose 16*a - 15*a = -107. Let m = a + 111. What is the highest common divisor of m and 44?
4
Let c be (-8)/(-5) + (-26)/(-65). Suppose -c*t + t = 3*f + 39, f - 1 = -5*t. Let x = -4 - f. What is the greatest common divisor of x and 30?
10
Let h be -2 + 2 - 0 - -7. Let o be 1441/77 + (1 - 5/h). Calculate the greatest common divisor of 152 and o.
19
Let z(t) = -4*t**2 - 27*t + 9. Let q be z(-7). What is the greatest common factor of 6 and q?
2
Let u(s) = -12*s. Let k be u(1). Let h = k + 14. Let b be (90/(-3))/(h/(-5)). What is the highest common factor of 15 and b?
15
Let x be 1 + (0 - 0 - -1). Suppose q + 4 = s - 22, -x*q = -4*s + 98. Suppose -5*v + s = u, 5*u - 59 = v + 30. Calculate the highest common factor of 9 and u.
9
Suppose -2*l = -34*l + 1888. What is the highest common factor of l and 354?
59
Let p(n) = 2*n**3 - 42*n**2 + 47*n - 59. Let u be p(20). What is the greatest common divisor of 1539 and u?
81
Suppose -2*d = -6*d - 2*c + 606, -4*d - c = -609. Calculate the highest common factor of d and 102.
51
Let n(o) = -3 + 5*o + 4 + 0. Let p be n(4). Suppose 5*w + 5*w = 210. Calculate the highest common divisor of w and p.
21
Let x be 2/(-8) + (7 - 111/(-12)). Calculate the greatest common divisor of x and 336.
16
Let p = -3 + -1. Let c = p - 12. Let m = c + 50. Calculate the highest common divisor of 51 and m.
17
Let u(n) = 20*n - 7. Let t be u(8). Calculate the highest common factor of t and 18.
9
Let t = 45 - 93. Let u be t/(-10) - 20/25. Suppose 3*n - 376 = -4*g - 2*n, -n = u*g - 392. What is the greatest common divisor of g and 9?
9
Let m = 20 + -17. Let q be 2/(-10) + m + (-106)/(-5). Let w(u) = -2*u**3 - 2*u**2. Let p be w(-2). What is the highest common divisor of p and q?
8
Let i(p) = p - 13. Let v be i(10). Let b be 3 - (-2 + -12 - v). Let m = 16 - b. What is the greatest common factor of m and 16?
2
Suppose 0*v - 2*v + o = 197, -3*v - 5*o - 263 = 0. Let r = v + 272. Let n(y) = 14*y + 184. Let b be n(-12). What is the highest common factor of r and b?
16
Suppose 30 = -4*f + 9*f. Suppose -f*y + 28 = -5*y. What is the greatest common divisor of y and 224?
28
Let z = 32 + -16. Suppose 0 = -3*c + 4*b - 8, b = -b - 8. Let p(g) = -g**2 - 11*g - 20. Let j be p(c). What is the greatest common factor of j and z?
4
Let l be 1*-8 - (-2 - 0). Let x(c) = -3*c - 14. Let j be x(l). Let h be (3/3)/(j/8). Calculate the highest common divisor of h and 14.
2
Let t = -197 + 201. What is the greatest common divisor of t and 26?
2
Let l(c) = 2 - 5 + 4*c - 11*c**2 + 161*c**2. Let i be l(2). Suppose -5*a + i = -0*a - 5*f, f - 129 = -a. Calculate the highest common divisor of a and 50.
25
Let a = 379 + 250. Calculate the highest common factor of 111 and a.
37
Suppose 44*h - 10*h = 2720. Calculate the highest common divisor of 10 and h.
10
Let v(b) = -b + 8. Let t be v(14). Let q be -1 + 4 + t + 45. Let n = 134 + -29. What is the greatest common factor of q and n?
21
Suppose -b = r - 46, 3*b - 30 = -r + 10. What is the greatest common factor of 14 and r?
7
Let f(u) = 12*u**2 - 3*u. Let k be f(-4). Let m be k/(5 + -1) - 3. Suppose z + 31 - m = 0. Calculate the highest common factor of 136 and z.
17
Let c(s) = -4*s**2 - 150*s + 56. Let o be c(-37). Let j be (3 + 12 + -2)*2. What is the greatest common factor of j and o?
26
Let d(o) = o**3 - 3*o**2 - 8*o + 14. Let p be d(5). Calculate the highest common factor of 276 and p.
12
Let c(a) = 2*a**2 + 2*a - 2. Let b be c(6). Suppose -216 = -3*v + 4*s, 0*v = -v - 2*s + b. Calculate the highest common factor of 19 and v.
19
Let h(k) = 5*k**2 - 1. Let a be h(-1). Suppose n = -a, 2*i - n - n = -78. Let c be i/(-5) - (-4)/10. What is the highest common factor of c and 99?
9
Let c(y) = 66*y**2 - 2*y - 1. Let r be c(1). What is the highest common factor of r and 27?
9
Suppose 0 = 5*v + 15*v - 380. Suppose 5 = -2*h + v. Calculate the greatest common factor of 119 and h.
7
Let d(b) = b**3 + 13*b**2 + 11*b + 8. Let m be d(-12). Suppose 5*w - 10 = -g, 72 = 4*g + 4*w - 0*w. What is the highest common divisor of m and g?
20
Let f be (-4)/(-10) + 1490/25. Suppose 5*r = -0*r - f. Let l = r + 15. What is the greatest common factor of l and 3?
3
Suppose b = 3*n + 109 - 27, -3*b - 6 = 0. Let i be 144/n*(1 - 9 - -1). Calculate the greatest common factor of 24 and i.
12
Suppose -5*m + b = -68, 3*b + 34 = 2*m - 1. Let k be (-7)/15*-56 - 6/45. What is the greatest common divisor of m and k?
13
Suppose -4*t = -10*t + 450. What is the greatest common factor of 9 and t?
3
Let c(q) = -q**3 - 21*q**2 + 15*q - 58. Let d be c(-22). What is the highest common divisor of 6 and d?
6
Let z(j) = j**2 + 8*j - 36. Let m be z(-18). Suppose -u + 15 = t, -3*u + 69 = u + t. What is the greatest common factor of m and u?
18
Let l = -179 - -551. Calculate the highest common factor of 24 and l.
12
Suppose -11*n + 107 - 41 = 0. What is the greatest common factor of n and 24?
6
Suppose -5*g + 99 = 2*k, 4*g + k = -g + 97. Let j be (-7)/(2/64*-2). Let m = 207 - j. Calculate the greatest common factor of m and g.
19
Suppose 6*r - 44 = 4. What is the highest common divisor of 2 and r?
2
Let z(m) = m**3 - 7*m**2 + 4*m. Let v be z(8). Suppose 5*c = -15 + 75. Calculate the greatest common divisor of v and c.
12
Let k = 55 - 29. Calculate the greatest common divisor of k and 143.
13
Let f be 44/3*8127/84. What is the highest common factor of f and 33?
33
Suppose -3*n + 71 = 80. Let t(i) = 8*i**2 - i + 5. Let u be t(n). Calculate the greatest common factor of u and 20.
20
Let y be 8*1 + -1*2. Let i be ((-36)/10)/(-3)*(-5 + 0). Let r(m) = m**3 + 9*m**2 + 12*m - 12. Let h be r(i). What is the highest common divisor of h and y?
6
Suppose 0 = -5*p - 11*p + 2304. Calculate the highest common divisor of p and 16.
16
Let z = 19 + -16. Suppose u - 2*h = 4*u - 37, 0 = -z*u - 5*h + 43. What is the greatest common divisor of u and 88?
11
Let w(s) = -s - 2. Let n be w(-8). Suppose 0 = n*z - z - 100. What is the greatest common factor of z and 5?
5
Let m = 97 - 202. Let p = -72 - m. Let z = 26 - 23. What is the greatest common divisor of p and z?
3
Suppose c = -3*c + 8. Let a be (c - -1)/1 + 17. What is the greatest common divisor of 4 and a?
4
Suppose -196 - 38 = 3*v. Let d = -72 - v. Suppose 0 = 4*q + 4*b - 28, 0*b = -5*q - b + 55. Calculate the greatest common factor of d and q.
6
Let b = 665 - 664. What is the highest common factor of 64 and b?
1
Let f = 2106 + -2006. Calculate the highest common factor of 15 and f.
5
Suppose -2*a = -5*b + 474, -6*a + 3*a = -9. Calculate the greatest common divisor of b and 1056.
96
Let t be 5/(-2)*-72 - (-33)/11. Let r = 338 - t. Let k = -32 - -63. Calculate the highest common factor of k and r.
31
Suppose -2*v + 4*v - 4 = 0, 3*v - 60 = -2*j. What is the greatest common factor of j and 189?
27
Let y(w) = w**3 + 29*w**2 + 2*w + 64. Let a be y(-29). What is the greatest common divisor of 66 and a?
6
Suppose -1 = 2*m + 4*w + w, -2*w = 3*m - 4. Let c be 15/10*m + 39. What is the greatest common divisor of c and 14?
14
Let i(l) = -14*l + 130. Let z be i(2). Calculate the greatest common divisor of z and 663.
51
Let b(x) = 4*x - 60. Let d(u) = -2*u + 30. Let o(f) = 3*b(f) + 5*d(f). Let j be o(23). Calculate the highest common factor of j and 48.
16
Suppose 4*b + 5*u + 32 = 0, -4*u = -7*b + 3*b + 4. Let g be b + 1 + (7 - -51). Calculate the greatest common factor of 140 and g.
28
Let k = 3474 + -1874. What is the highest common factor of 50 and k?
50
Let y(a) = -7*a + 18. Let m be y(-10). Suppose 0*l - m = -2*l. What is the greatest common factor of 11 and l?
11
Suppose -2*u = -2*d - 42, -27*u = -22*u + 2*d - 70. What is the greatest common divisor of 32 and u?
16
Suppose 2*g = 4*g + 8. Let i be -2*1 -